{"id":3790,"date":"2022-10-20T14:53:45","date_gmt":"2022-10-20T17:53:45","guid":{"rendered":"https:\/\/www.tab.pro.br\/?page_id=3790"},"modified":"2023-07-05T11:34:32","modified_gmt":"2023-07-05T14:34:32","slug":"trabalhe-conosco","status":"publish","type":"page","link":"https:\/\/www.tab.pro.br\/index.php\/trabalhe-conosco\/","title":{"rendered":"Trabalhe Conosco"},"content":{"rendered":"\t\t<div data-elementor-type=\"wp-page\" data-elementor-id=\"3790\" class=\"elementor elementor-3790\">\n\t\t\t\t\t\t<div class=\"elementor-inner\">\n\t\t\t\t<div class=\"elementor-section-wrap\">\n\t\t\t\t\t\t\t\t\t<section data-particle_enable=\"false\" data-particle-mobile-disabled=\"false\" class=\"elementor-section elementor-top-section elementor-element elementor-element-8b20037 elementor-section-height-min-height elementor-section-boxed elementor-section-height-default elementor-section-items-middle\" data-id=\"8b20037\" data-element_type=\"section\" data-settings=\"{&quot;background_background&quot;:&quot;classic&quot;,&quot;_ha_eqh_enable&quot;:false}\">\n\t\t\t\t\t\t<div class=\"elementor-container elementor-column-gap-default\">\n\t\t\t\t\t\t\t<div class=\"elementor-row\">\n\t\t\t\t\t<div class=\"elementor-column elementor-col-100 elementor-top-column elementor-element elementor-element-8738ada\" data-id=\"8738ada\" data-element_type=\"column\">\n\t\t\t<div class=\"elementor-column-wrap elementor-element-populated\">\n\t\t\t\t\t\t\t<div class=\"elementor-widget-wrap\">\n\t\t\t\t\t\t<div class=\"elementor-element elementor-element-5c48af2 elementor-widget elementor-widget-heading\" data-id=\"5c48af2\" data-element_type=\"widget\" data-widget_type=\"heading.default\">\n\t\t\t\t<div class=\"elementor-widget-container\">\n\t\t\t<h2 class=\"elementor-heading-title elementor-size-default\">Venha ser um Tabiano!<\/h2>\t\t<\/div>\n\t\t\t\t<\/div>\n\t\t\t\t<div class=\"elementor-element elementor-element-04ca364 elementor-widget elementor-widget-text-editor\" data-id=\"04ca364\" data-element_type=\"widget\" data-widget_type=\"text-editor.default\">\n\t\t\t\t<div class=\"elementor-widget-container\">\n\t\t\t\t\t\t\t\t<div class=\"elementor-text-editor elementor-clearfix\">\n\t\t\t\t<p>Tornamos a tecnologia mais humana e as pessoas mais &#8220;Techs&#8221;. Com base nas tecnologias Low-Code e <br \/>No-Code, levamos a transforma\u00e7\u00e3o digital atrav\u00e9s de nossos produtos a todos os n\u00edveis.<\/p>\t\t\t\t\t<\/div>\n\t\t\t\t\t\t<\/div>\n\t\t\t\t<\/div>\n\t\t\t\t\t\t<\/div>\n\t\t\t\t\t<\/div>\n\t\t<\/div>\n\t\t\t\t\t\t\t\t<\/div>\n\t\t\t\t\t<\/div>\n\t\t<\/section>\n\t\t\t\t<section data-particle_enable=\"false\" data-particle-mobile-disabled=\"false\" class=\"elementor-section elementor-top-section elementor-element elementor-element-ee8fb23 elementor-section-boxed elementor-section-height-default elementor-section-height-default\" data-id=\"ee8fb23\" data-element_type=\"section\" data-settings=\"{&quot;_ha_eqh_enable&quot;:false}\">\n\t\t\t\t\t\t<div class=\"elementor-container elementor-column-gap-default\">\n\t\t\t\t\t\t\t<div class=\"elementor-row\">\n\t\t\t\t\t<div class=\"elementor-column elementor-col-100 elementor-top-column elementor-element elementor-element-c2256a9\" data-id=\"c2256a9\" data-element_type=\"column\">\n\t\t\t<div class=\"elementor-column-wrap elementor-element-populated\">\n\t\t\t\t\t\t\t<div class=\"elementor-widget-wrap\">\n\t\t\t\t\t\t<div class=\"elementor-element elementor-element-c3c4fe7 elementor-widget elementor-widget-heading\" data-id=\"c3c4fe7\" data-element_type=\"widget\" data-widget_type=\"heading.default\">\n\t\t\t\t<div class=\"elementor-widget-container\">\n\t\t\t<h5 class=\"elementor-heading-title elementor-size-default\">Vagas abertas:<\/h5>\t\t<\/div>\n\t\t\t\t<\/div>\n\t\t\t\t<div class=\"elementor-element elementor-element-5d3871d elementor-widget elementor-widget-toggle\" data-id=\"5d3871d\" data-element_type=\"widget\" data-widget_type=\"toggle.default\">\n\t\t\t\t<div class=\"elementor-widget-container\">\n\t\t\t\t\t<div class=\"elementor-toggle\" role=\"tablist\">\n\t\t\t\t\t\t\t<div class=\"elementor-toggle-item\">\n\t\t\t\t\t<div id=\"elementor-tab-title-9771\" class=\"elementor-tab-title\" data-tab=\"1\" role=\"tab\" aria-controls=\"elementor-tab-content-9771\" aria-expanded=\"false\">\n\t\t\t\t\t\t\t\t\t\t\t\t<span class=\"elementor-toggle-icon elementor-toggle-icon-left\" aria-hidden=\"true\">\n\t\t\t\t\t\t\t\t\t\t\t\t\t\t\t<span class=\"elementor-toggle-icon-closed\"><i class=\"fas fa-caret-right\"><\/i><\/span>\n\t\t\t\t\t\t\t\t<span class=\"elementor-toggle-icon-opened\"><i class=\"elementor-toggle-icon-opened fas fa-caret-up\"><\/i><\/span>\n\t\t\t\t\t\t\t\t\t\t\t\t\t<\/span>\n\t\t\t\t\t\t\t\t\t\t\t\t<a href=\"\" class=\"elementor-toggle-title\">Analista de Sustenta\u00e7\u00e3o<\/a>\n\t\t\t\t\t<\/div>\n\n\t\t\t\t\t<div id=\"elementor-tab-content-9771\" class=\"elementor-tab-content elementor-clearfix\" data-tab=\"1\" role=\"tabpanel\" aria-labelledby=\"elementor-tab-title-9771\"><p>Estamos em busca de novos talentos para nosso time.\u00a0<strong>Para ser um Tabiano, voc\u00ea precisa:<\/strong><\/p><ul><li aria-level=\"1\">\u2022 Ter facilidade de trabalhar em equipe;<\/li><li aria-level=\"1\">\u2022 Gostar de resolver problemas complexos com criatividade e simplicidade;<\/li><li aria-level=\"1\">\u2022 Ter uma \u00f3tima capacidade de autogest\u00e3o e comprometimento com entregas;<\/li><li aria-level=\"1\">\u2022 Mostrar empatia e ter o prop\u00f3sito de melhorar a vida das pessoas.<\/li><\/ul><p>Se identificou? Ent\u00e3o confira a seguir os requisitos para a vaga.<\/p><p><strong>No dia-a-dia voc\u00ea ir\u00e1:<\/strong><\/p><ul><li aria-level=\"1\">\u2022 Ser respons\u00e1vel pela gest\u00e3o de riscos, prazos e estrat\u00e9gias dos projetos;<\/li><li aria-level=\"1\">\u2022 Identificar o escopo do projeto, suas premissas, restri\u00e7\u00f5es e riscos, de forma a planejar tarefas, recursos, equipe, custos, prazos e qualidade;<\/li><li aria-level=\"1\">\u2022 Produzir documenta\u00e7\u00e3o necess\u00e1ria ao monitoramento e controle dos projetos;<\/li><li aria-level=\"1\">\u2022 Conduzir reuni\u00f5es e alinhamentos com os stakeholders;<\/li><li aria-level=\"1\">\u2022 Realizar reuni\u00f5es de status report junto \u00e0s \u00e1reas internas e cliente;<\/li><li aria-level=\"1\">\u2022 Realizar todas as comunica\u00e7\u00f5es do projeto e atuar\u00e1 como facilitador entre as partes envolvidas;<\/li><li aria-level=\"1\">\u2022 Garantir a qualidade na entrega do projeto ao cliente final e ao time operacional;<\/li><li aria-level=\"1\">\u2022 Manter o bom relacionamento com as demais \u00e1reas da empresa e stakeholders do projeto;<\/li><li aria-level=\"1\">\u2022 Seguir as boas pr\u00e1ticas em gest\u00e3o de projetos e metodologia corporativa.<\/li><\/ul><p><strong>Para aplicar, voc\u00ea precisa:<\/strong><\/p><ul><li aria-level=\"1\">\u2022 Ter pelo menos 3 anos de experi\u00eancia em gest\u00e3o de projetos;<\/li><li aria-level=\"1\">\u2022 Ter disponibilidade para trabalhar de forma remota.<\/li><\/ul><p><strong>Ser\u00e1 um diferencial se voc\u00ea tiver:<\/strong><\/p><ul><li>\u2022 Experi\u00eancia no nicho de tecnologia e transforma\u00e7\u00e3o digital;<\/li><li>\u2022 Experi\u00eancia com \u00c1gil;<\/li><li>\u2022 Habilidade de negocia\u00e7\u00e3o de prazos e prioridades.<\/li><\/ul><p><strong>Como Tabiano, voc\u00ea ter\u00e1 os seguintes benef\u00edcios:<\/strong><\/p><ul><li aria-level=\"1\">\u2022 Hor\u00e1rio flex\u00edvel;<\/li><li aria-level=\"1\">\u2022 Vale alimenta\u00e7\u00e3o;<\/li><\/ul><p>Se interessou? Ent\u00e3o veja\u00a0<strong>como fazer sua inscri\u00e7\u00e3o<\/strong>:<\/p><p>Envie\u00a0<strong>curr\u00edculo e pretens\u00e3o salaria<\/strong>l no formul\u00e1rio do fim da p\u00e1gina com t\u00edtulo<strong>\u00a0Sele\u00e7\u00e3o Gerente de Projetos\u00a0 &#8211; [Nome].<\/strong><\/p><\/div>\n\t\t\t\t<\/div>\n\t\t\t\t\t\t\t\t<\/div>\n\t\t\t\t<\/div>\n\t\t\t\t<\/div>\n\t\t\t\t\t\t<\/div>\n\t\t\t\t\t<\/div>\n\t\t<\/div>\n\t\t\t\t\t\t\t\t<\/div>\n\t\t\t\t\t<\/div>\n\t\t<\/section>\n\t\t\t\t<section data-particle_enable=\"false\" data-particle-mobile-disabled=\"false\" class=\"elementor-section elementor-top-section elementor-element elementor-element-9c859b9 elementor-section-full_width elementor-section-height-default elementor-section-height-default\" data-id=\"9c859b9\" data-element_type=\"section\" data-settings=\"{&quot;_ha_eqh_enable&quot;:false}\">\n\t\t\t\t\t\t<div class=\"elementor-container elementor-column-gap-default\">\n\t\t\t\t\t\t\t<div class=\"elementor-row\">\n\t\t\t\t\t<div class=\"elementor-column elementor-col-100 elementor-top-column elementor-element elementor-element-98b72df\" data-id=\"98b72df\" data-element_type=\"column\">\n\t\t\t<div class=\"elementor-column-wrap elementor-element-populated\">\n\t\t\t\t\t\t\t<div class=\"elementor-widget-wrap\">\n\t\t\t\t\t\t<div class=\"elementor-element elementor-element-e64afbc elementor-widget elementor-widget-google_maps\" data-id=\"e64afbc\" data-element_type=\"widget\" data-widget_type=\"google_maps.default\">\n\t\t\t\t<div class=\"elementor-widget-container\">\n\t\t\t\t\t<div class=\"elementor-custom-embed\">\n\t\t\t<iframe frameborder=\"0\" scrolling=\"no\" marginheight=\"0\" marginwidth=\"0\"\n\t\t\t\t\tsrc=\"https:\/\/maps.google.com\/maps?q=R.%20Carolina%20Sucupira%2C%2033%20-%20Aldeota%2C%20Fortaleza%20-%20CE%2C%2060140-120&#038;t=m&#038;z=15&#038;output=embed&#038;iwloc=near\"\n\t\t\t\t\ttitle=\"R. Carolina Sucupira, 33 - Aldeota, Fortaleza - CE, 60140-120\"\n\t\t\t\t\taria-label=\"R. Carolina Sucupira, 33 - Aldeota, Fortaleza - CE, 60140-120\"\n\t\t\t><\/iframe>\n\t\t<\/div>\n\t\t\t\t<\/div>\n\t\t\t\t<\/div>\n\t\t\t\t\t\t<\/div>\n\t\t\t\t\t<\/div>\n\t\t<\/div>\n\t\t\t\t\t\t\t\t<\/div>\n\t\t\t\t\t<\/div>\n\t\t<\/section>\n\t\t\t\t\t\t\t\t\t<\/div>\n\t\t\t<\/div>\n\t\t\t\t\t<\/div>\n\t\t","protected":false},"excerpt":{"rendered":"<p>Venha ser um Tabiano! Tornamos a tecnologia mais humana e as pessoas mais &#8220;Techs&#8221;. Com base nas tecnologias Low-Code e No-Code, levamos a transforma\u00e7\u00e3o digital atrav\u00e9s de nossos produtos a todos os n\u00edveis. Vagas abertas: Analista de Sustenta\u00e7\u00e3o Estamos em busca de novos talentos para nosso time.\u00a0Para ser um Tabiano, voc\u00ea precisa: \u2022 Ter facilidade<\/p>\n","protected":false},"author":7,"featured_media":0,"parent":0,"menu_order":0,"comment_status":"closed","ping_status":"closed","template":"elementor_header_footer","meta":{"footnotes":""},"_links":{"self":[{"href":"https:\/\/www.tab.pro.br\/index.php\/wp-json\/wp\/v2\/pages\/3790"}],"collection":[{"href":"https:\/\/www.tab.pro.br\/index.php\/wp-json\/wp\/v2\/pages"}],"about":[{"href":"https:\/\/www.tab.pro.br\/index.php\/wp-json\/wp\/v2\/types\/page"}],"author":[{"embeddable":true,"href":"https:\/\/www.tab.pro.br\/index.php\/wp-json\/wp\/v2\/users\/7"}],"replies":[{"embeddable":true,"href":"https:\/\/www.tab.pro.br\/index.php\/wp-json\/wp\/v2\/comments?post=3790"}],"version-history":[{"count":91,"href":"https:\/\/www.tab.pro.br\/index.php\/wp-json\/wp\/v2\/pages\/3790\/revisions"}],"predecessor-version":[{"id":4277,"href":"https:\/\/www.tab.pro.br\/index.php\/wp-json\/wp\/v2\/pages\/3790\/revisions\/4277"}],"wp:attachment":[{"href":"https:\/\/www.tab.pro.br\/index.php\/wp-json\/wp\/v2\/media?parent=3790"}],"curies":[{"name":"wp","href":"https:\/\/api.w.org\/{rel}","templated":true}]}}